
List the prime factors of 142724.
2, 31, 1151
List the prime factors of 181.
181
What are the prime factors of 26674?
2, 13337
List the prime factors of 576.
2, 3
What are the prime factors of 103305?
3, 5, 71, 97
What are the prime factors of 91207?
223, 409
List the prime factors of 9613.
9613
What are the prime factors of 7900?
2, 5, 79
List the prime factors of 1731.
3, 577
What are the prime factors of 6152?
2, 769
List the prime factors of 11180.
2, 5, 13, 43
List the prime factors of 25567.
37, 691
What are the prime factors of 3755?
5, 751
List the prime factors of 66.
2, 3, 11
List the prime factors of 836.
2, 11, 19
List the prime factors of 31735.
5, 11, 577
What are the prime factors of 349?
349
List the prime factors of 262.
2, 131
What are the prime factors of 655?
5, 131
List the prime factors of 21744.
2, 3, 151
List the prime factors of 79831.
97, 823
What are the prime factors of 6189?
3, 2063
What are the prime factors of 1193?
1193
List the prime factors of 18232.
2, 43, 53
What are the prime factors of 1283?
1283
List the prime factors of 54504.
2, 3, 757
What are the prime factors of 68831?
7, 9833
What are the prime factors of 11003?
11003
What are the prime factors of 2517?
3, 839
List the prime factors of 1439.
1439
What are the prime factors of 1151?
1151
List the prime factors of 10391.
10391
What are the prime factors of 8093?
8093
List the prime factors of 1331.
11
What are the prime factors of 1997?
1997
What are the prime factors of 5468?
2, 1367
What are the prime factors of 7679?
7, 1097
List the prime factors of 5281.
5281
List the prime factors of 15534.
2, 3, 863
List the prime factors of 957.
3, 11, 29
What are the prime factors of 42379?
42379
What are the prime factors of 1994?
2, 997
What are the prime factors of 18636?
2, 3, 1553
What are the prime factors of 16674?
2, 3, 7, 397
List the prime factors of 5590.
2, 5, 13, 43
List the prime factors of 32.
2
List the prime factors of 455.
5, 7, 13
List the prime factors of 882.
2, 3, 7
What are the prime factors of 375?
3, 5
List the prime factors of 163532.
2, 40883
List the prime factors of 19891.
19891
What are the prime factors of 61751?
61751
List the prime factors of 77028.
2, 3, 7, 131
List the prime factors of 9433.
9433
List the prime factors of 11450.
2, 5, 229
What are the prime factors of 21739?
21739
What are the prime factors of 59317?
23, 2579
List the prime factors of 361.
19
What are the prime factors of 786?
2, 3, 131
List the prime factors of 10839.
3, 3613
List the prime factors of 1388.
2, 347
What are the prime factors of 4293?
3, 53
List the prime factors of 12105.
3, 5, 269
List the prime factors of 16168.
2, 43, 47
List the prime factors of 37747.
37747
What are the prime factors of 25543?
7, 41, 89
What are the prime factors of 68430?
2, 3, 5, 2281
List the prime factors of 89.
89
What are the prime factors of 67950?
2, 3, 5, 151
List the prime factors of 51441.
3, 13, 1319
List the prime factors of 37832.
2, 4729
List the prime factors of 809.
809
What are the prime factors of 1640?
2, 5, 41
List the prime factors of 1528.
2, 191
What are the prime factors of 377?
13, 29
List the prime factors of 3295.
5, 659
List the prime factors of 8380.
2, 5, 419
What are the prime factors of 1408?
2, 11
What are the prime factors of 1642?
2, 821
List the prime factors of 328.
2, 41
What are the prime factors of 1279?
1279
List the prime factors of 673.
673
What are the prime factors of 87356?
2, 21839
What are the prime factors of 8704?
2, 17
List the prime factors of 160.
2, 5
What are the prime factors of 4198?
2, 2099
List the prime factors of 1724.
2, 431
What are the prime factors of 46598?
2, 23, 1013
List the prime factors of 22576.
2, 17, 83
List the prime factors of 1287.
3, 11, 13
List the prime factors of 131764.
2, 32941
List the prime factors of 19550.
2, 5, 17, 23
List the prime factors of 729.
3
What are the prime factors of 26119?
26119
List the prime factors of 225.
3, 5
List the prime factors of 12073.
12073
What are the prime factors of 2248?
2, 281
List the prime factors of 360.
2, 3, 5
List the prime factors of 7348.
2, 11, 167
What are the prime factors of 3863?
3863
What are the prime factors of 129027?
3, 41, 1049
List the prime factors of 30760.
2, 5, 769
List the prime factors of 100671.
3, 23, 1459
List the prime factors of 138080.
2, 5, 863
List the prime factors of 99269.
53, 1873
What are the prime factors of 219?
3, 73
List the prime factors of 881.
881
What are the prime factors of 2024?
2, 11, 23
What are the prime factors of 3773?
7, 11
List the prime factors of 2267.
2267
What are the prime factors of 10826?
2, 5413
What are the prime factors of 2094?
2, 3, 349
What are the prime factors of 17718?
2, 3, 2953
What are the prime factors of 886?
2, 443
List the prime factors of 47183.
29, 1627
What are the prime factors of 209?
11, 19
What are the prime factors of 4075?
5, 163
List the prime factors of 6851.
13, 17, 31
List the prime factors of 7922.
2, 17, 233
What are the prime factors of 82667?
13, 6359
List the prime factors of 4104.
2, 3, 19
List the prime factors of 20099.
101, 199
What are the prime factors of 353?
353
List the prime factors of 782.
2, 17, 23
List the prime factors of 3961.
17, 233
List the prime factors of 64289.
53, 1213
What are the prime factors of 24008?
2, 3001
What are the prime factors of 9362?
2, 31, 151
List the prime factors of 30184.
2, 7, 11
List the prime factors of 842.
2, 421
List the prime factors of 31083.
3, 13, 797
List the prime factors of 1191.
3, 397
List the prime factors of 24441.
3, 8147
What are the prime factors of 3166?
2, 1583
What are the prime factors of 22941?
3, 2549
What are the prime factors of 1353?
3, 11, 41
What are the prime factors of 279?
3, 31
What are the prime factors of 30?
2, 3, 5
What are the prime factors of 21915?
3, 5, 487
List the prime factors of 4819.
61, 79
What are the prime factors of 1530?
2, 3, 5, 17
What are the prime factors of 9345?
3, 5, 7, 89
What are the prime factors of 3640?
2, 5, 7, 13
What are the prime factors of 134660?
2, 5, 6733
List the prime factors of 23007.
3, 7669
List the prime factors of 14129.
71, 199
List the prime factors of 1333.
31, 43
List the prime factors of 34761.
3, 11587
What are the prime factors of 56626?
2, 23, 1231
List the prime factors of 396.
2, 3, 11
What are the prime factors of 22875?
3, 5, 61
List the prime factors of 23166.
2, 3, 11, 13
What are the prime factors of 6664?
2, 7, 17
What are the prime factors of 4075?
5, 163
What are the prime factors of 1813?
7, 37
List the prime factors of 84022.
2, 43, 977
List the prime factors of 138.
2, 3, 23
What are the prime factors of 145718?
2, 72859
What are the prime factors of 5506?
2, 2753
List the prime factors of 1571.
1571
List the prime factors of 114025.
5, 4561
List the prime factors of 1339.
13, 103
What are the prime factors of 875?
5, 7
List the prime factors of 9389.
41, 229
List the prime factors of 589.
19, 31
What are the prime factors of 50239?
7, 7177
What are the prime factors of 120?
2, 3, 5
List the prime factors of 5518.
2, 31, 89
List the prime factors of 1738.
2, 11, 79
What are the prime factors of 1321?
1321
What are the prime factors of 1374?
2, 3, 229
What are the prime factors of 20153?
7, 2879
List the prime factors of 4432.
2, 277
List the prime factors of 196660.
2, 5, 9833
List the prime factors of 184121.
7, 29, 907
What are the prime factors of 787?
787
List the prime factors of 112680.
2, 3, 5, 313
What are the prime factors of 808?
2, 101
List the prime factors of 20752.
2, 1297
What are the prime factors of 5441?
5441
What are the prime factors of 184?
2, 23
List the prime factors of 37432.
2, 4679
What are the prime factors of 1221?
3, 11, 37
What are the prime factors of 2299?
11, 19
What are the prime factors of 740?
2, 5, 37
List the prime factors of 1252.
2, 313
What are the prime factors of 1105?
5, 13, 17
List the prime factors of 626.
2, 313
What are the prime factors of 332?
2, 83
List the prime factors of 47781.
3, 5309
What are the prime factors of 9257?
9257
What are the prime factors of 29638?
2, 7, 29, 73
What are the prime factors of 15670?
2, 5, 1567
What are the prime factors of 1317